alse
Is 2 a factor of 328?
True
Does 10 divide 455?
False
Does 10 divide 1026?
False
Does 63 divide 2583?
True
Is 10798 a multiple of 202?
False
Is 14 a factor of 14980?
True
Does 10 divide 3810?
True
Is 1188 a multiple of 6?
True
Is 41 a factor of 7231?
False
Is 867 a multiple of 32?
False
Is 8400 a multiple of 21?
True
Is 15131 a multiple of 49?
False
Is 40 a factor of 71920?
True
Does 63 divide 3097?
False
Does 22 divide 1664?
False
Is 109415 a multiple of 51?
False
Is 533 a multiple of 26?
False
Is 127 a factor of 53975?
True
Is 3660 a multiple of 12?
True
Is 760 a multiple of 10?
True
Does 45 divide 1266?
False
Is 12 a factor of 960?
True
Does 35 divide 1129?
False
Does 5 divide 1290?
True
Is 153 a factor of 31143?
False
Does 27 divide 194?
False
Does 3 divide 268?
False
Is 8 a factor of 844?
False
Is 27555 a multiple of 55?
True
Is 27 a factor of 1728?
True
Is 19 a factor of 2359?
False
Does 68 divide 10880?
True
Does 26 divide 448?
False
Is 7 a factor of 10645?
False
Is 75 a factor of 2175?
True
Is 3 a factor of 594?
True
Is 7480 a multiple of 187?
True
Does 13 divide 20582?
False
Is 33 a factor of 1584?
True
Does 96 divide 5760?
True
Is 4382 a multiple of 9?
False
Is 19 a factor of 13129?
True
Is 14 a factor of 462?
True
Is 6 a factor of 882?
True
Does 24 divide 1102?
False
Does 14 divide 34636?
True
Is 11 a factor of 48466?
True
Is 6 a factor of 1362?
True
Is 963 a multiple of 9?
True
Is 8906 a multiple of 12?
False
Is 6 a factor of 2862?
True
Is 16 a factor of 903?
False
Does 34 divide 612?
True
Is 43 a factor of 6787?
False
Does 32 divide 4361?
False
Is 3 a factor of 11?
False
Does 22 divide 100384?
False
Is 1694 a multiple of 22?
True
Is 4228 a multiple of 7?
True
Is 9 a factor of 3771?
True
Is 3 a factor of 309?
True
Is 690 a multiple of 69?
True
Is 69 a factor of 21830?
False
Does 34 divide 7378?
True
Is 18 a factor of 274?
False
Is 6365 a multiple of 10?
False
Is 83 a factor of 12616?
True
Does 6 divide 8250?
True
Does 13 divide 962?
True
Does 63 divide 378?
True
Is 11 a multiple of 11?
True
Is 203 a multiple of 8?
False
Does 10 divide 190?
True
Does 13 divide 52?
True
Is 5 a factor of 195?
True
Is 52730 a multiple of 64?
False
Is 22 a factor of 216?
False
Is 33 a factor of 1192?
False
Is 15 a factor of 13003?
False
Does 25 divide 875?
True
Does 105 divide 1583?
False
Is 3520 a multiple of 16?
True
Does 25 divide 350?
True
Is 1616 a multiple of 101?
True
Is 2824 a multiple of 8?
True
Does 12 divide 347?
False
Is 6348 a multiple of 8?
False
Is 10 a factor of 1267?
False
Is 28 a factor of 11900?
True
Is 602 a multiple of 43?
True
Is 682 a multiple of 4?
False
Does 16 divide 3920?
True
Is 1296 a multiple of 24?
True
Is 8 a factor of 688?
True
Does 414 divide 20655?
False
Is 8 a factor of 392?
True
Does 45 divide 23760?
True
Is 355 a multiple of 9?
False
Does 5 divide 77?
False
Is 10 a factor of 32527?
False
Is 145 a multiple of 29?
True
Is 5 a factor of 675?
True
Is 8 a factor of 15905?
False
Does 77 divide 1155?
True
Does 178 divide 1246?
True
Is 2532 a multiple of 8?
False
Does 24 divide 2785?
False
Does 102 divide 9605?
False
Does 13 divide 42471?
True
Does 26 divide 14173?
False
Is 712 a multiple of 41?
False
Is 625 a multiple of 11?
False
Is 230 a factor of 6951?
False
Is 70 a factor of 13715?
False
Is 17172 a multiple of 53?
True
Is 6989 a multiple of 29?
True
Is 634 a multiple of 2?
True
Is 65 a factor of 1099?
False
Is 19494 a multiple of 38?
True
Is 5 a factor of 133?
False
Does 22 divide 352?
True
Does 4 divide 97?
False
Does 31 divide 7068?
True
Is 221 a factor of 61880?
True
Is 2905 a multiple of 16?
False
Is 3 a factor of 10222?
False
Is 77550 a multiple of 51?
False
Is 12757 a multiple of 7?
False
Does 61 divide 3660?
True
Does 48 divide 2732?
False
Is 101 a factor of 10302?
True
Does 46 divide 222?
False
Is 2 a factor of 36?
True
Is 29 a factor of 5307?
True
Does 207 divide 92115?
True
Is 53 a factor of 658?
False
Does 66 divide 1254?
True
Does 78 divide 8867?
False
Is 6919 a multiple of 209?
False
Is 4712 a multiple of 19?
True
Does 85 divide 3182?
False
Does 106 divide 1484?
True
Is 1125 a multiple of 118?
False
Is 2130 a multiple of 71?
True
Is 4968 a multiple of 184?
True
Is 13416 a multiple of 129?
True
Is 4 a factor of 14273?
False
Is 120 a multiple of 12?
True
Is 10 a factor of 486?
False
Does 5 divide 34?
False
Is 16010 a multiple of 120?
False
Does 56 divide 1169?
False
Does 10 divide 3357?
False
Does 88 divide 4023?
False
Is 13777 a multiple of 8?
False
Is 3059 a multiple of 19?
True
Does 98 divide 15865?
False
Is 7 a factor of 42?
True
Is 64 a factor of 2224?
False
Is 12040 a multiple of 16?
False
Is 16 a factor of 209?
False
Is 942 a multiple of 6?
True
Is 43 a factor of 86?
True
Is 2858 a multiple of 21?
False
Is 340 even?
True
Does 98 divide 13230?
True
Is 39550 a multiple of 70?
True
Is 650 a multiple of 26?
True
Does 20 divide 2320?
True
Does 58 divide 77546?
True
Is 191 a factor of 39155?
True
Is 2582 a multiple of 21?
False
Does 17 divide 4794?
True
Does 67 divide 709?
False
Is 56 a multiple of 11?
False
Is 148 a factor of 10657?
False
Is 2 a factor of 527?
False
Is 6619 a multiple of 17?
False
Is 21818 a multiple of 9?
False
Is 1980 a multiple of 22?
True
Is 4382 a multiple of 7?
True
Does 23 divide 5207?
False
Does 38 divide 5282?
True
Is 456 a multiple of 8?
True
Does 4 divide 449?
False
Is 44486 a multiple of 49?
False
Is 115 a factor of 34218?
False
Does 66 divide 14550?
False
Does 36 divide 1332?
True
Does 46 divide 280?
False
Is 810 a multiple of 135?
True
Is 14 a factor of 2674?
True
Is 1053 a multiple of 9?
True
Does 11 divide 22?
True
Does 43 divide 2286?
False
Is 1536 a multiple of 48?
True
Is 57 a factor of 798?
True
Is 28 a factor of 3752?
True
Does 47 divide 1034?
True
Is 78 a factor of 13393?
False
Is 2260 a multiple of 20?
True
Is 231 a factor of 69069?
True
Is 16431 a multiple of 60?
False
Does 11 divide 1195?
False
Is 11 a factor of 100?
False
Is 22 a multiple of 22?
True
Is 13806 a multiple of 39?
True
Does 58 divide 19057?
False
Does 12 divide 84?
True
Is 56 a factor of 60816?
True
Is 30 a factor of 1995?
False
Does 22 divide 2926?
True
Is 3 a factor of 291?
True
Is 88794 a multiple of 5?
False
Is 3549 a multiple of 273?
True
Is 28 a multiple of 4?
True
Is 32555 a multiple of 5?
True
Is 270 a multiple of 6?
True
Is 2326 a multiple of 4?
False
Is 43 a factor of 15596?
False
Does 13 divide 910?
True
Is 29 a factor of 15795?
False
Does 3 divide 22228?
False
Does 128 divide 8960?
True
Does 34 divide 88412?
False
Is 2052 a multiple of 12?
True
Does 24 divide 1253?
False
Does 18 divide 900?
True
Is 21112 a multiple of 214?
False
Is 175 a factor of 28350?
True
Does 19 divide 4731?
True
Is 1661 a multiple of 17?
False
Is 23 a factor of 368?
True
Is 33 a factor of 693?
True
Is 334 a multiple of 38?
False
Does 192 divide 384?
True
Does 114 divide 5518?
False
Is 560 a multiple of 40?
True
Is 1092 a multiple of 21?
True
Is 538 a multiple of 28?
False
Is 9090 a multiple of 9?
True
Is 574 a multiple of 14?
True
Is 34 a factor of 272?
True
Is 604 a multiple of 4?
True
Is 2910 a multiple of 10?
True
Does 165 divide 2805?
True
Does 38 divide 17860?
True
Is 1974 a multiple of 14?
True
Is 50 a multiple of 12?
False
Is 18099 a multiple of 84?
False
Is 3 a factor of 1081?
False
Is 3 a factor of 99?
True
Is 325 a multiple of 25?
True
Does 40 divide 13880?
True
Is 30 a factor of 5188?
False
Is 4030 a multiple of 65?
True
Does 38 divide 8740?
True
Is 65 a factor of 3965?
True
Is 68 a factor of 612?
True
Is 8 a factor of 22842?
False
Is 17928 a multiple of 27?
True
Is 7370 a multiple of 110?
True
Is 12 a factor of 132?
True
Does 3 divide 77?
False
Does 81 divide 1620?
True
Is 21360 a multiple of 120?
True
Does 2 divide 11922?
True
Is 828 a multiple of 2?
True
Does 4 divide 8525?
False
Is 12 a factor of 1319?
False
Does 16 divide 3784?
False
Does 14 divide 4351?
False
Is 1049 a multiple of 54?
False
Is 22335 a multiple of 15?
True
Does 103 divide 4890?
False
Is 78 a factor of 2205?
False
Does 8 divide 288?
True
Is 4444 a multiple of 30?
False
Is 3978 a multiple of 34?
True
Is 43 a factor of 197?
False
Is 455 a multiple of 35?
True
Is 8374 a multiple of 5?
False
Is 43 a factor of 7341?
False
Is 8 a fa